{"id":4639,"date":"2025-12-02T18:34:28","date_gmt":"2025-12-02T23:34:28","guid":{"rendered":"https:\/\/dianapinedabs.com\/?post_type=product&#038;p=4639"},"modified":"2025-12-12T14:22:16","modified_gmt":"2025-12-12T19:22:16","slug":"faja-moldeadora-reloj-de-arena-control-abdomen-media-pierna-con-tiras-cremalleras-y-broche-central-ref-o-011-2","status":"publish","type":"product","link":"https:\/\/dianapinedabs.com\/index.php\/product\/faja-moldeadora-reloj-de-arena-control-abdomen-media-pierna-con-tiras-cremalleras-y-broche-central-ref-o-011-2\/","title":{"rendered":"Faja moldeadora reloj de arena control abdomen &#8211; media pierna con tiras, cremalleras y broche central ( Ref. O-011 )"},"content":{"rendered":"<p>Nuestra exclusiva faja efecto reloj de arena ha sido cuidadosamente dise\u00f1ada para mujeres con gl\u00fateos pronunciados y cintura peque\u00f1a, brindando un ajuste perfecto que celebra tus curvas naturales.<\/p>\n<p>Gracias a su triple refuerzo abdominal y broches acerados de tres niveles, ofrece una compresi\u00f3n alta que moldea visiblemente el abdomen, la cintura y la espalda. Su dise\u00f1o \u00fanico tiene reducida la cintura dos tallas menos que la cadera, creando un efecto reloj de arena m\u00e1s definido y sofisticado.<\/p>\n<p>El realce natural de gl\u00fateos, el delicado encaje siliconado que no se marca en la ropa, y las tiras ajustables que suavizan los rollitos laterales del brasier, hacen de esta faja una aliada perfecta para sentirte segura y fabulosa. Adem\u00e1s, incluye una cremallera perineal para que ir al ba\u00f1o sea c\u00f3modo y sin complicaciones.<\/p>\n<p>Confeccionada en PowerNet FTC, combina firmeza, estilo y comodidad para acompa\u00f1arte tanto en tu d\u00eda a d\u00eda como en esos momentos especiales donde quieres brillar a\u00fan m\u00e1s.<\/p>\n","protected":false},"excerpt":{"rendered":"<p>Faja moldeadora reloj de arena control abdomen &#8211; media pierna con tiras, cremalleras y broche central<\/p>\n","protected":false},"featured_media":4798,"comment_status":"open","ping_status":"closed","template":"","meta":[],"product_brand":[],"product_cat":[43],"product_tag":[],"class_list":{"0":"post-4639","1":"product","2":"type-product","3":"status-publish","4":"has-post-thumbnail","6":"product_cat-fajas","8":"first","9":"instock","10":"taxable","11":"shipping-taxable","12":"purchasable","13":"product-type-simple"},"yoast_head":"<!-- This site is optimized with the Yoast SEO plugin v24.3 - https:\/\/yoast.com\/wordpress\/plugins\/seo\/ -->\n<title>Faja moldeadora reloj de arena control abdomen - media pierna con tiras, cremalleras y broche central ( Ref. O-011 ) - Diana Pineda Beauty &amp; Spa<\/title>\n<meta name=\"robots\" content=\"index, follow, max-snippet:-1, max-image-preview:large, max-video-preview:-1\" \/>\n<link rel=\"canonical\" href=\"https:\/\/dianapinedabs.com\/index.php\/product\/faja-moldeadora-reloj-de-arena-control-abdomen-media-pierna-con-tiras-cremalleras-y-broche-central-ref-o-011-2\/\" \/>\n<meta property=\"og:locale\" content=\"es_ES\" \/>\n<meta property=\"og:type\" content=\"article\" \/>\n<meta property=\"og:title\" content=\"Faja moldeadora reloj de arena control abdomen - media pierna con tiras, cremalleras y broche central ( Ref. O-011 ) - Diana Pineda Beauty &amp; Spa\" \/>\n<meta property=\"og:description\" content=\"Faja moldeadora reloj de arena control abdomen - media pierna con tiras, cremalleras y broche central\" \/>\n<meta property=\"og:url\" content=\"https:\/\/dianapinedabs.com\/index.php\/product\/faja-moldeadora-reloj-de-arena-control-abdomen-media-pierna-con-tiras-cremalleras-y-broche-central-ref-o-011-2\/\" \/>\n<meta property=\"og:site_name\" content=\"Diana Pineda Beauty &amp; Spa\" \/>\n<meta property=\"article:publisher\" content=\"https:\/\/www.facebook.com\/dianapinedabeauty\" \/>\n<meta property=\"article:modified_time\" content=\"2025-12-12T19:22:16+00:00\" \/>\n<meta property=\"og:image\" content=\"https:\/\/dianapinedabs.com\/wp-content\/uploads\/2025\/12\/O-011-ASH-L_1.jpg\" \/>\n\t<meta property=\"og:image:width\" content=\"1000\" \/>\n\t<meta property=\"og:image:height\" content=\"1200\" \/>\n\t<meta property=\"og:image:type\" content=\"image\/jpeg\" \/>\n<meta name=\"twitter:card\" content=\"summary_large_image\" \/>\n<meta name=\"twitter:label1\" content=\"Tiempo de lectura\" \/>\n\t<meta name=\"twitter:data1\" content=\"1 minuto\" \/>\n<script type=\"application\/ld+json\" class=\"yoast-schema-graph\">{\"@context\":\"https:\/\/schema.org\",\"@graph\":[{\"@type\":\"WebPage\",\"@id\":\"https:\/\/dianapinedabs.com\/index.php\/product\/faja-moldeadora-reloj-de-arena-control-abdomen-media-pierna-con-tiras-cremalleras-y-broche-central-ref-o-011-2\/\",\"url\":\"https:\/\/dianapinedabs.com\/index.php\/product\/faja-moldeadora-reloj-de-arena-control-abdomen-media-pierna-con-tiras-cremalleras-y-broche-central-ref-o-011-2\/\",\"name\":\"Faja moldeadora reloj de arena control abdomen - media pierna con tiras, cremalleras y broche central ( Ref. O-011 ) - Diana Pineda Beauty &amp; Spa\",\"isPartOf\":{\"@id\":\"https:\/\/dianapinedabs.com\/#website\"},\"primaryImageOfPage\":{\"@id\":\"https:\/\/dianapinedabs.com\/index.php\/product\/faja-moldeadora-reloj-de-arena-control-abdomen-media-pierna-con-tiras-cremalleras-y-broche-central-ref-o-011-2\/#primaryimage\"},\"image\":{\"@id\":\"https:\/\/dianapinedabs.com\/index.php\/product\/faja-moldeadora-reloj-de-arena-control-abdomen-media-pierna-con-tiras-cremalleras-y-broche-central-ref-o-011-2\/#primaryimage\"},\"thumbnailUrl\":\"https:\/\/dianapinedabs.com\/wp-content\/uploads\/2025\/12\/O-011-ASH-L_1.jpg\",\"datePublished\":\"2025-12-02T23:34:28+00:00\",\"dateModified\":\"2025-12-12T19:22:16+00:00\",\"breadcrumb\":{\"@id\":\"https:\/\/dianapinedabs.com\/index.php\/product\/faja-moldeadora-reloj-de-arena-control-abdomen-media-pierna-con-tiras-cremalleras-y-broche-central-ref-o-011-2\/#breadcrumb\"},\"inLanguage\":\"es-CO\",\"potentialAction\":[{\"@type\":\"ReadAction\",\"target\":[\"https:\/\/dianapinedabs.com\/index.php\/product\/faja-moldeadora-reloj-de-arena-control-abdomen-media-pierna-con-tiras-cremalleras-y-broche-central-ref-o-011-2\/\"]}]},{\"@type\":\"ImageObject\",\"inLanguage\":\"es-CO\",\"@id\":\"https:\/\/dianapinedabs.com\/index.php\/product\/faja-moldeadora-reloj-de-arena-control-abdomen-media-pierna-con-tiras-cremalleras-y-broche-central-ref-o-011-2\/#primaryimage\",\"url\":\"https:\/\/dianapinedabs.com\/wp-content\/uploads\/2025\/12\/O-011-ASH-L_1.jpg\",\"contentUrl\":\"https:\/\/dianapinedabs.com\/wp-content\/uploads\/2025\/12\/O-011-ASH-L_1.jpg\",\"width\":1000,\"height\":1200},{\"@type\":\"BreadcrumbList\",\"@id\":\"https:\/\/dianapinedabs.com\/index.php\/product\/faja-moldeadora-reloj-de-arena-control-abdomen-media-pierna-con-tiras-cremalleras-y-broche-central-ref-o-011-2\/#breadcrumb\",\"itemListElement\":[{\"@type\":\"ListItem\",\"position\":1,\"name\":\"Inicio\",\"item\":\"https:\/\/dianapinedabs.com\/\"},{\"@type\":\"ListItem\",\"position\":2,\"name\":\"Shop\",\"item\":\"https:\/\/dianapinedabs.com\/index.php\/shop\/\"},{\"@type\":\"ListItem\",\"position\":3,\"name\":\"Faja moldeadora reloj de arena control abdomen &#8211; media pierna con tiras, cremalleras y broche central ( Ref. O-011 )\"}]},{\"@type\":\"WebSite\",\"@id\":\"https:\/\/dianapinedabs.com\/#website\",\"url\":\"https:\/\/dianapinedabs.com\/\",\"name\":\"Diana Pineda Beauty & spa\",\"description\":\"\",\"publisher\":{\"@id\":\"https:\/\/dianapinedabs.com\/#organization\"},\"potentialAction\":[{\"@type\":\"SearchAction\",\"target\":{\"@type\":\"EntryPoint\",\"urlTemplate\":\"https:\/\/dianapinedabs.com\/?s={search_term_string}\"},\"query-input\":{\"@type\":\"PropertyValueSpecification\",\"valueRequired\":true,\"valueName\":\"search_term_string\"}}],\"inLanguage\":\"es-CO\"},{\"@type\":\"Organization\",\"@id\":\"https:\/\/dianapinedabs.com\/#organization\",\"name\":\"Diana Pineda Beauty & spa\",\"url\":\"https:\/\/dianapinedabs.com\/\",\"logo\":{\"@type\":\"ImageObject\",\"inLanguage\":\"es-CO\",\"@id\":\"https:\/\/dianapinedabs.com\/#\/schema\/logo\/image\/\",\"url\":\"https:\/\/dianapinedabs.com\/wp-content\/uploads\/2022\/10\/cropped-LOGO-DEFINITIVO-DIANA-PINEDA-web.png\",\"contentUrl\":\"https:\/\/dianapinedabs.com\/wp-content\/uploads\/2022\/10\/cropped-LOGO-DEFINITIVO-DIANA-PINEDA-web.png\",\"width\":100,\"height\":100,\"caption\":\"Diana Pineda Beauty & spa\"},\"image\":{\"@id\":\"https:\/\/dianapinedabs.com\/#\/schema\/logo\/image\/\"},\"sameAs\":[\"https:\/\/www.facebook.com\/dianapinedabeauty\",\"https:\/\/www.instagram.com\/dianapinedabeauty\/\"]}]}<\/script>\n<!-- \/ Yoast SEO plugin. -->","yoast_head_json":{"title":"Faja moldeadora reloj de arena control abdomen - media pierna con tiras, cremalleras y broche central ( Ref. O-011 ) - Diana Pineda Beauty &amp; Spa","robots":{"index":"index","follow":"follow","max-snippet":"max-snippet:-1","max-image-preview":"max-image-preview:large","max-video-preview":"max-video-preview:-1"},"canonical":"https:\/\/dianapinedabs.com\/index.php\/product\/faja-moldeadora-reloj-de-arena-control-abdomen-media-pierna-con-tiras-cremalleras-y-broche-central-ref-o-011-2\/","og_locale":"es_ES","og_type":"article","og_title":"Faja moldeadora reloj de arena control abdomen - media pierna con tiras, cremalleras y broche central ( Ref. O-011 ) - Diana Pineda Beauty &amp; Spa","og_description":"Faja moldeadora reloj de arena control abdomen - media pierna con tiras, cremalleras y broche central","og_url":"https:\/\/dianapinedabs.com\/index.php\/product\/faja-moldeadora-reloj-de-arena-control-abdomen-media-pierna-con-tiras-cremalleras-y-broche-central-ref-o-011-2\/","og_site_name":"Diana Pineda Beauty &amp; Spa","article_publisher":"https:\/\/www.facebook.com\/dianapinedabeauty","article_modified_time":"2025-12-12T19:22:16+00:00","og_image":[{"width":1000,"height":1200,"url":"https:\/\/dianapinedabs.com\/wp-content\/uploads\/2025\/12\/O-011-ASH-L_1.jpg","type":"image\/jpeg"}],"twitter_card":"summary_large_image","twitter_misc":{"Tiempo de lectura":"1 minuto"},"schema":{"@context":"https:\/\/schema.org","@graph":[{"@type":"WebPage","@id":"https:\/\/dianapinedabs.com\/index.php\/product\/faja-moldeadora-reloj-de-arena-control-abdomen-media-pierna-con-tiras-cremalleras-y-broche-central-ref-o-011-2\/","url":"https:\/\/dianapinedabs.com\/index.php\/product\/faja-moldeadora-reloj-de-arena-control-abdomen-media-pierna-con-tiras-cremalleras-y-broche-central-ref-o-011-2\/","name":"Faja moldeadora reloj de arena control abdomen - media pierna con tiras, cremalleras y broche central ( Ref. O-011 ) - Diana Pineda Beauty &amp; Spa","isPartOf":{"@id":"https:\/\/dianapinedabs.com\/#website"},"primaryImageOfPage":{"@id":"https:\/\/dianapinedabs.com\/index.php\/product\/faja-moldeadora-reloj-de-arena-control-abdomen-media-pierna-con-tiras-cremalleras-y-broche-central-ref-o-011-2\/#primaryimage"},"image":{"@id":"https:\/\/dianapinedabs.com\/index.php\/product\/faja-moldeadora-reloj-de-arena-control-abdomen-media-pierna-con-tiras-cremalleras-y-broche-central-ref-o-011-2\/#primaryimage"},"thumbnailUrl":"https:\/\/dianapinedabs.com\/wp-content\/uploads\/2025\/12\/O-011-ASH-L_1.jpg","datePublished":"2025-12-02T23:34:28+00:00","dateModified":"2025-12-12T19:22:16+00:00","breadcrumb":{"@id":"https:\/\/dianapinedabs.com\/index.php\/product\/faja-moldeadora-reloj-de-arena-control-abdomen-media-pierna-con-tiras-cremalleras-y-broche-central-ref-o-011-2\/#breadcrumb"},"inLanguage":"es-CO","potentialAction":[{"@type":"ReadAction","target":["https:\/\/dianapinedabs.com\/index.php\/product\/faja-moldeadora-reloj-de-arena-control-abdomen-media-pierna-con-tiras-cremalleras-y-broche-central-ref-o-011-2\/"]}]},{"@type":"ImageObject","inLanguage":"es-CO","@id":"https:\/\/dianapinedabs.com\/index.php\/product\/faja-moldeadora-reloj-de-arena-control-abdomen-media-pierna-con-tiras-cremalleras-y-broche-central-ref-o-011-2\/#primaryimage","url":"https:\/\/dianapinedabs.com\/wp-content\/uploads\/2025\/12\/O-011-ASH-L_1.jpg","contentUrl":"https:\/\/dianapinedabs.com\/wp-content\/uploads\/2025\/12\/O-011-ASH-L_1.jpg","width":1000,"height":1200},{"@type":"BreadcrumbList","@id":"https:\/\/dianapinedabs.com\/index.php\/product\/faja-moldeadora-reloj-de-arena-control-abdomen-media-pierna-con-tiras-cremalleras-y-broche-central-ref-o-011-2\/#breadcrumb","itemListElement":[{"@type":"ListItem","position":1,"name":"Inicio","item":"https:\/\/dianapinedabs.com\/"},{"@type":"ListItem","position":2,"name":"Shop","item":"https:\/\/dianapinedabs.com\/index.php\/shop\/"},{"@type":"ListItem","position":3,"name":"Faja moldeadora reloj de arena control abdomen &#8211; media pierna con tiras, cremalleras y broche central ( Ref. O-011 )"}]},{"@type":"WebSite","@id":"https:\/\/dianapinedabs.com\/#website","url":"https:\/\/dianapinedabs.com\/","name":"Diana Pineda Beauty & spa","description":"","publisher":{"@id":"https:\/\/dianapinedabs.com\/#organization"},"potentialAction":[{"@type":"SearchAction","target":{"@type":"EntryPoint","urlTemplate":"https:\/\/dianapinedabs.com\/?s={search_term_string}"},"query-input":{"@type":"PropertyValueSpecification","valueRequired":true,"valueName":"search_term_string"}}],"inLanguage":"es-CO"},{"@type":"Organization","@id":"https:\/\/dianapinedabs.com\/#organization","name":"Diana Pineda Beauty & spa","url":"https:\/\/dianapinedabs.com\/","logo":{"@type":"ImageObject","inLanguage":"es-CO","@id":"https:\/\/dianapinedabs.com\/#\/schema\/logo\/image\/","url":"https:\/\/dianapinedabs.com\/wp-content\/uploads\/2022\/10\/cropped-LOGO-DEFINITIVO-DIANA-PINEDA-web.png","contentUrl":"https:\/\/dianapinedabs.com\/wp-content\/uploads\/2022\/10\/cropped-LOGO-DEFINITIVO-DIANA-PINEDA-web.png","width":100,"height":100,"caption":"Diana Pineda Beauty & spa"},"image":{"@id":"https:\/\/dianapinedabs.com\/#\/schema\/logo\/image\/"},"sameAs":["https:\/\/www.facebook.com\/dianapinedabeauty","https:\/\/www.instagram.com\/dianapinedabeauty\/"]}]}},"_links":{"self":[{"href":"https:\/\/dianapinedabs.com\/index.php\/wp-json\/wp\/v2\/product\/4639","targetHints":{"allow":["GET"]}}],"collection":[{"href":"https:\/\/dianapinedabs.com\/index.php\/wp-json\/wp\/v2\/product"}],"about":[{"href":"https:\/\/dianapinedabs.com\/index.php\/wp-json\/wp\/v2\/types\/product"}],"replies":[{"embeddable":true,"href":"https:\/\/dianapinedabs.com\/index.php\/wp-json\/wp\/v2\/comments?post=4639"}],"wp:featuredmedia":[{"embeddable":true,"href":"https:\/\/dianapinedabs.com\/index.php\/wp-json\/wp\/v2\/media\/4798"}],"wp:attachment":[{"href":"https:\/\/dianapinedabs.com\/index.php\/wp-json\/wp\/v2\/media?parent=4639"}],"wp:term":[{"taxonomy":"product_brand","embeddable":true,"href":"https:\/\/dianapinedabs.com\/index.php\/wp-json\/wp\/v2\/product_brand?post=4639"},{"taxonomy":"product_cat","embeddable":true,"href":"https:\/\/dianapinedabs.com\/index.php\/wp-json\/wp\/v2\/product_cat?post=4639"},{"taxonomy":"product_tag","embeddable":true,"href":"https:\/\/dianapinedabs.com\/index.php\/wp-json\/wp\/v2\/product_tag?post=4639"}],"curies":[{"name":"wp","href":"https:\/\/api.w.org\/{rel}","templated":true}]}}